prime factors of f?
2, 73
Let d(j) be the second derivative of -j**4/12 + 13*j**3/3 + 3*j**2 - j. Let f(z) = -923*z - 10138. Let b be f(-11). List the prime factors of d(b).
3, 19
Suppose 2*u + 31288 = 5*g, -4*g - u = 2*u - 25012. Suppose 5*m - g - 3829 = 0. List the prime factors of m.
2017
What are the prime factors of (-1455111)/(-36) + (2/(-15) - (-46)/120)?
2, 5, 43, 47
Let d(o) = o**3 - 24*o**2 - 3*o - 105. Let h be d(25). Suppose -10810 = -h*y + 435*y. What are the prime factors of y?
23, 47
Suppose l + x - 26793 = 15799, 2*x - 127774 = -3*l. List the prime factors of l.
2, 5, 4259
Suppose 19*p - 21*p - 4 = 0. Let r be (35/21)/(p/18*-3). Suppose -8 = -4*u, -r*o + 27 + 113 = 5*u. What are the prime factors of o?
2, 13
List the prime factors of (-2906757)/(-234) - 10/260.
2, 6211
Suppose -603 = -3*n + 2*t, 0*t - 3*t - 1007 = -5*n. What are the prime factors of n?
5, 41
Let v(d) = -d**3 - 8*d**2 + 12*d + 11. Let k be v(-7). Let z = k - -295. List the prime factors of z.
173
Let b(h) = 26201 - 26202 - 11*h - h. Let v = -5 + 3. What are the prime factors of b(v)?
23
Let m = -7 - -8. Let y be (m - -2)*-10*2/4. List the prime factors of (-130)/(-39)*y/(-2).
5
What are the prime factors of (13 + (-207)/18)/(3/11358)?
3, 631
Let u(l) = 37*l**2 - 14*l + 66. What are the prime factors of u(9)?
3, 11, 89
Let v(j) = 113*j**2 + 22*j - 110. Let p = -56 + 60. What are the prime factors of v(p)?
2, 19, 47
Let i = 275 - 278. What are the prime factors of 1/8 + -669*i/72?
2, 7
Let v be 1 - 1 - (2 - 2). Suppose n + 5*p - 5 = 0, p + 20 = -10*n + 14*n. Suppose -n*u - o + 343 = v, 211 = 5*u - 2*u - 2*o. List the prime factors of u.
3, 23
Let m(h) = -21*h**3 + 674*h**2 - 6*h - 5. List the prime factors of m(10).
3, 5, 3089
Suppose -5*d = -3*t + 44819, 29835 = 625*t - 623*t + 3*d. What are the prime factors of t?
2, 3, 311
Let p be 550/150 - 2/3. List the prime factors of 424 + (p - (-4 + 1)).
2, 5, 43
Let b = 104 - 68. Let l be 28/70 + b/10. Suppose 0 = 2*w - 166 + l. List the prime factors of w.
3
Let u(c) = 13*c - 202. Let f be u(32). Let b = f + 172. List the prime factors of b.
2, 193
Suppose 2989 = 106*i - 99*i. Let k = 821 - i. List the prime factors of k.
2, 197
Let c = 282 - 68. What are the prime factors of c*(6/12 + 5) - -4?
1181
Suppose 8*d + 1090 = -422. Let y be (2/(-4))/((-1)/586). Let w = y + d. What are the prime factors of w?
2, 13
Suppose -3*j + 164*k + 19762 = 159*k, 3*k = 5*j - 32926. List the prime factors of j.
2, 823
List the prime factors of (2*-15227)/(-95 + 93).
15227
Let l(u) = 6*u - 69. Let x be l(-20). Let q = 232 - x. List the prime factors of q.
421
Let r be (-1)/2 - 4/8*-7. Suppose 150 = -5*s - 5*g, 0 = -r*s + s - g - 65. What are the prime factors of 8/28 + (-3070)/s?
2, 11
Let j = -5 + 4. Let v = 4 - j. Suppose 9*y = 5*y - 3*x + 523, -4*y + v*x + 483 = 0. List the prime factors of y.
127
Let l = 462 + -334. Let s = 89 - 57. Let x = s + l. List the prime factors of x.
2, 5
Let y(s) = 3*s**3 - 142*s**2 + 50*s - 168. What are the prime factors of y(48)?
2, 3, 5, 19
Let r be (-60)/8*(-9)/(-15)*-4. Suppose -65 - 25 = -r*q. Suppose 58 - 623 = -q*j. What are the prime factors of j?
113
Let q = 116736 - 80457. What are the prime factors of q?
3, 29, 139
List the prime factors of (-89 - -93)/((-8)/(-4106)).
2053
Let x(m) = 24*m**2 + 3*m + 78. What are the prime factors of x(12)?
2, 3, 5, 7, 17
Let p(x) = x**3 + 3*x**2 - 6*x - 2. Let g be p(-4). Let b be 7496/g + 3 + (-1)/3. List the prime factors of 1/(-8) + b/32.
3, 13
Let x(i) = -11*i**2 - 6*i + 11. Let q be x(3). Let r = q - -95. Let m(k) = k**2 - 2*k + 54. List the prime factors of m(r).
197
Let g = 756 - 749. Suppose 6351 = 5*v + 2*u, 4*u = g*v - 9*v + 2534. List the prime factors of v.
31, 41
Suppose 7*q = 8*q - 993. Suppose 210 = 8*g - g. List the prime factors of 4/(72/q) + (-5)/g.
5, 11
Suppose 2454 = -4*d + 7*d. Suppose 5*s - 193 = -d. Let b = 194 + s. What are the prime factors of b?
3, 23
List the prime factors of (-30)/4*14/(-21) - -53389*1.
2, 3, 11, 809
Let b(j) = -867*j - 1384. What are the prime factors of b(-10)?
2, 3643
What are the prime factors of (-36885)/(-57) - 22/209?
647
Let m = 291 + -289. Suppose 4*c - m*p - 3130 = 0, 2*p - 535 - 240 = -c. What are the prime factors of c?
11, 71
List the prime factors of ((-12)/(-10))/(((-18)/(-5))/9) + 2329.
2, 11, 53
Suppose n - s = -3*n + 3, n = -2*s + 12. What are the prime factors of (((-6508)/(-12))/1)/(n/6)?
1627
Let j be 458/(-19) - (-6)/57. Let o(h) = -2*h**2 - 48*h + 25. What are the prime factors of o(j)?
5
Let v(c) = -113*c + 421. List the prime factors of v(-123).
2, 5, 179
Suppose 4 = -3*h + 28. Suppose h*n = 2195 - 283. What are the prime factors of n?
239
Let x be (-81)/(-15)*(4 - 1 - -2). Let t be x/(-6)*(-2 - -24)*-1. Let p = t - -6. List the prime factors of p.
3, 5, 7
Suppose 36 = 7*t + 8. Suppose 0 = -5*m - 5, 8*c - 6*c + t*m = 1256. What are the prime factors of c?
2, 3, 5, 7
Let w(y) = y + 10. Let j be w(-12). Let p be 1/((-5)/1060*j). Let g = p - 41. List the prime factors of g.
5, 13
Suppose d + 9 = o, o + d - 1 = 2. List the prime factors of -6 + 924/o - -6.
2, 7, 11
Let t(b) = 6*b**3 - 26*b**2 - 19*b + 21. Let l(j) = 5*j**3 - 26*j**2 - 18*j + 22. Let x(s) = 7*l(s) - 6*t(s). List the prime factors of x(-26).
2, 5, 17
Suppose -103*h + 102*h = 3*i - 472, 472 = h - 4*i. List the prime factors of h.
2, 59
Let z(s) = -3*s**3 + 3*s**2 + 5*s + 57. Let t be z(-4). Let g = t + -176. What are the prime factors of g?
101
Let j = -1101 - -2335. Let y = j - 324. What are the prime factors of y?
2, 5, 7, 13
Let s be 9/6 + (-10)/20. Let o(l) = 1515*l**2 - 19*l + 18. What are the prime factors of o(s)?
2, 757
Let a(v) = 115*v**3 + 3 - 4*v**2 - 4 + 2 - 2*v. Let d be a(-1). Let p = d - -335. List the prime factors of p.
3, 73
Let h(c) = 1. Let x(v) = 8*v - 12. Let i(l) = -3*h(l) - x(l). Let s be 6/(-15) + (-56)/10. What are the prime factors of i(s)?
3, 19
Let b(i) = 7*i**2 - 5*i + 7. Let m(p) = 5*p**2 - 3*p + 5. Let o(g) = -5*b(g) + 8*m(g). Let z be o(-4). Suppose -z = 2*v - 3*v. What are the prime factors of v?
3
Let k = -12336 - -62310. What are the prime factors of k?
2, 3, 8329
Let o = -211 - -214. Suppose 3*r - q = 5*r - 1440, -r = o*q - 720. List the prime factors of r.
2, 3, 5
Let q = 44 - -88. Let c = -254 + q. Let k = 187 + c. What are the prime factors of k?
5, 13
Suppose -3*o + 6*z = 3*z - 105570, -5*o = -4*z - 175942. List the prime factors of o.
2, 7, 359
Suppose -9*b = 8*b + 16*b. List the prime factors of (108/21)/((-3 + b)/(-42)).
2, 3
Suppose 0*b + 2*b + 37 = j, 3*b = -3*j + 111. Let m = j - 32. Suppose -m*s = 7*i - 3*i - 430, 5*s + 5*i - 435 = 0. What are the prime factors of s?
2, 41
Let n = 29 - 11. Let x = n + -13. Suppose x*k - 650 = -3*z, -z = k - 0*k - 128. What are the prime factors of k?
7, 19
Suppose -77*f - 2686 = -111*f. Let g be 8/(-20) - 276/10. Let y = f + g. List the prime factors of y.
3, 17
List the prime factors of (316504/(-24) - 3)/((-10)/15).
2, 13, 761
Suppose 0 = 40*d + 61*d - 676775 - 4009120. List the prime factors of d.
3, 5, 1031
Let f = 365 + -485. What are the prime factors of -1488*(f/(-450))/(2/(-5))?
2, 31
Suppose 4*b + 396 = -148. Let t be 2/3*(-4 + -350). Let w = b - t. What are the prime factors of w?
2, 5
Let o(n) = 5*n**2 - 41*n + 106. What are the prime factors of o(15)?
2, 7, 11
Let b = 43 + -38. Suppose -p = d - 4 + b, 2*d = -p - 6. Suppose -4*s - 278 = g - p*g, -3*g = 4*s - 238. What are the prime factors of g?
2, 43
Let d = 42937 - 16179. List the prime factors of d.
2, 17, 787
Suppose 265*a + 20*a - 1440087 = -4*a. What are the prime factors of a?
3, 11, 151
Let o = -139 - -133. Let x be (0*o/12)/(-2). Suppose x = -2*a - 2*m + 430, 5*m + 259 = a + 50. List the prime factors of a.
2, 107
List the prime factors of 38246 + (24 - 22 - -22).
2, 5, 43, 89
Let t(x) = -102*x - 9. Let o(g) = 153*g + 14. Let w(s) = 5*o(s) + 8*t(s). Suppose 7 = -3*d - 2. What are the prime factors of w(d)?
151
Let z = -1533 + 4066. List the prime factors of z.
17, 149
What are the prime factors of (3598/4)/((-103)/(-2266))?
7, 11, 257
Suppose -2*v + 616 + 54 = -4*v. Let z(g) = -g - 3. Let y be z(-4). What are the prime factors of y*9*v/(-15)?
3, 67
Suppose -11 = -2*g - y - 1, -3